2 - 36*f - 1. Let n(d) = a*y(d) + 2*o(d). Let r = -8 - -14. Calculate n(r).
16
Let i(f) = -2 - 3*f + 5*f + 3*f + 3. Let u be (-12)/(-10) + 5/(-25). Let x be (9/(-27))/(u/(-3)). What is i(x)?
6
Let r(k) = 3*k**2 - 128*k - 39. Let c be r(43). Let z(w) = -30*w + 19*w + w**3 + 9 + 0*w**2 - c*w**2 + 21*w - 6*w**2. Give z(9).
18
Let p(r) = -14*r - 5. Suppose 14 = 5*d - 1. Let m(b) = -15890*b + 0 + 15897*b + 3. Let z(g) = d*p(g) + 5*m(g). Determine z(-3).
21
Let p(m) = -8*m - 49. Suppose -5*h - 29*l + 26*l = -38, -2*h + 19 = 5*l. Give p(h).
-105
Let f be (4 - 7) + -1 - (-3 - 1). Let h = -9 - -16. Let m(q) = 0*q**2 + 8*q - h*q - q**3 - q**2 + 4. Give m(f).
4
Let n be -2 - (2 - 3) - -2. Let y(b) = -14*b**3 + 6*b - 7. Let o(q) = 27*q**3 - 11*q + 13. Let g(m) = -6*o(m) - 11*y(m). What is g(n)?
-9
Let x(a) = a**2 + 249*a + 8181. Let b be x(-39). Let v(z) = -2*z**2 - 6*z + 101. Give v(b).
-7
Let y(s) = -4*s - 202. Let n(r) = -4*r - 121. Let j(l) = -3*n(l) + 2*y(l). Give j(12).
7
Let m(o) = -9*o**2. Suppose 21 = t + 5*b + 9, -3*t + 4*b = -17. Suppose 0 = r + 3, t*j - 2*j - 2*r - 1 = 0. What is m(j)?
-9
Let y(b) = -65*b**2 + 5. Let s(t) = -93*t**2 + 7. Let o(n) = 7*s(n) - 10*y(n). Let c(w) = w**3 - 8*w**2 + w - 10. Let k be c(8). What is o(k)?
-5
Suppose -2*o - o = -d + 66, 3*d = 0. Let k be (-275)/o + 6/(-4). Let s(w) = -k*w - 6 + w**2 + 28*w - 14*w + 2. Calculate s(-7).
24
Let b(v) be the second derivative of v**4/12 - 3*v**3/2 + 4*v**2 - 16*v - 3. Let m be 19/3 - 20/(-30). Determine b(m).
-6
Suppose 2*t = 5*b, -2*t = -10*b + 6*b + 4. Let k(s) = -s**3 - 10*s**2 + s + 10. Let w be k(t). Let c(q) = q - q**2 - q**2 + 3 + q**2. Give c(w).
3
Let a(h) = -1681*h + 1679*h + 56 - 120 + 87. Give a(9).
5
Let d(f) = -7*f**2 + 5*f + 26. Let l(w) = 8*w**2 - 4*w - 28. Let i(v) = -7*d(v) - 6*l(v). Let m(x) = -x**2 + 10*x + 12. Let s(y) = -5*i(y) - 6*m(y). Give s(7).
12
Let z(h) be the first derivative of h**3/3 + 5*h**2/2 + 6*h + 433. Let q(k) = 2*k + 5. Let m be q(-4). Determine z(m).
0
Let b(k) be the second derivative of k**6/90 - k**5/120 - k**4/12 + 3*k. Let y(w) be the third derivative of b(w). Let s = 842 - 841. Calculate y(s).
7
Let s(m) = 32*m - 12. Suppose 204*u = 80 + 124. Calculate s(u).
20
Let f(u) = 60 - 21 + u + 0*u + 32 + 2*u. Give f(-22).
5
Let f(x) be the first derivative of -x**2 - 6*x - 1177. What is f(-4)?
2
Let a(i) = -4 + 10872*i - 2 + 10836*i - 32509*i + 10836*i. Determine a(3).
99
Let k(y) = 3*y - 3. Suppose q + 4*o = -7 + 1, 5*o + 14 = 2*q. Let f be k(q). Let h(p) = -1463*p + 1467*p + 28*p**2 - 29*p**2 + 1. Give h(f).
4
Let t(s) = s**3 + 6*s**2 - s + 4. Let h(g) = -10*g - 66. Let a = 350 + -356. Let u be h(a). Determine t(u).
10
Let z(g) = -2*g + 4. Suppose -f = 2*r + 3*f - 4, -3*f = 0. Suppose -r + 30 = -k. Let b be k/(-35)*30/4. Determine z(b).
-8
Let j(o) be the second derivative of -o**3/3 - 4*o**2 - 9*o. Suppose -203*h - 183 - 1644 = 0. Calculate j(h).
10
Let r(g) be the second derivative of 2*g**4/3 + g**3/2 - g**2 - 51*g. Let a(v) = -2*v**2. Let b(z) = 3*a(z) + r(z). Give b(-3).
7
Suppose 55*m - 1855 - 1055 + 710 = 0. Let v(p) = -2*p + 67. Give v(m).
-13
Let m(w) = 6*w + 8. Let b be m(2). Let f = -18 + b. Let l(x) be the second derivative of x**4/6 - x**3/6 - x**2 - x. Calculate l(f).
4
Let f = 3779 - 3782. Let k(g) = g**3 + 5*g**2 - g - 4. Calculate k(f).
17
Let b be (-348)/(-60) + -6 + 124/20. Let c(z) = 12*z - 86. What is c(b)?
-14
Let s be ((-117)/(-27))/(0 - 2/(-6)). Let p(x) = 6*x**3 + s*x - 5*x**3 + 60 - 9*x**2 - 4*x**2 - 65. Give p(12).
7
Let y(p) = 9*p**2 + 24*p - 52. Let j(i) = -4*i**2 - 12*i + 20. Let v(f) = 5*j(f) + 2*y(f). Calculate v(-6).
-4
Suppose 6*u = -11*u + 799. Let r(k) = -2 - 3*k - 1 + 0*k - u*k**2 + 46*k**2. Suppose 0 = 4*m + 13 + 7. Give r(m).
-13
Let d(i) = 2207 - 4404 - 33*i + 2200. Calculate d(1).
-30
Let a = 5524 - 5530. Let d(z) be the third derivative of -z**5/60 - z**4/4 - 7*z**3/6 + 4*z**2. What is d(a)?
-7
Let h(i) be the second derivative of i**4/12 - 4*i**3/3 - 27*i**2/2 - 80*i - 16. What is h(0)?
-27
Suppose 2*q = -3*c - 41, 13*c - 12*c + 21 = 3*q. Let w(t) = -t**2 - 20*t - 75. Let i be w(c). Let v(z) = 3*z + 5. Determine v(i).
5
Let o(g) = -40*g - 347 + g**2 + 348 + 7*g + 30*g. Let s(m) = -m**3 + 6*m**2 - 6*m + 5. Let i be s(5). Let x = 2 + i. Calculate o(x).
-1
Let m be (0 + 14/6)*1380/3220. Let k(d) = -d**2 + d + 1. Let l(v) = -8*v**2 + 4*v + 6. Let s(h) = 5*k(h) - l(h). Calculate s(m).
3
Let o = -221 - -1327/6. Let b(j) be the third derivative of 1/60*j**5 + o*j**4 + 0*j - j**3 + 0 + 16*j**2. What is b(-6)?
6
Suppose 2*t + 3 + 1 = 0. Let a(z) be the second derivative of -1/3*z**3 + 29 + 2*z + 0*z**2 - 1/4*z**4. Give a(t).
-8
Let r(o) be the first derivative of -24 - o + 1/2*o**2. What is r(-4)?
-5
Let f be (-21 - -16) + (-1 + 598)*-1. Let v = f - -606. Let b(h) = h**3 - 4*h**2 - h - 2. What is b(v)?
-6
Let l(h) = -36*h + 3. Let g be (21 - 20)/((-7)/7). Determine l(g).
39
Let l(d) = -7*d**2 - 31*d - 153. Let s(h) = 6*h**2 + 35*h + 152. Let i(o) = 5*l(o) + 6*s(o). Calculate i(-3).
-9
Let d(h) be the second derivative of -h**5/60 - h**4/12 - h**3/3 - 33*h**2 - 60*h - 1. Let b(a) be the first derivative of d(a). What is b(-2)?
-2
Suppose 829 = -62*j - 163. Let k(u) = 4*u + 16. Determine k(j).
-48
Let b(p) = p**2 + 20*p + 92. Let z be b(-8). Let j(d) = 3*d - 6. Let x(y) = -16*y + 31. Let m(o) = -11*j(o) - 2*x(o). Give m(z).
8
Suppose 144*a = 135*a + 36. Let d(t) = -10*t + 13. Let b(o) = -13*o + 13. Let i(l) = a*b(l) - 5*d(l). What is i(-8)?
3
Let c be 2 + -5*(-5)/25. Suppose -o - r = -4*o - 13, -r = -o - c. Let h(l) be the first derivative of l**2/2 + l + 2. Give h(o).
-4
Let l(u) be the third derivative of u**5/30 + u**4/8 - u**3/6 + 2*u**2 - 153. Let j be 3 + -5 - 3*-1. Suppose -4*b + j = 13. Calculate l(b).
8
Let i(r) = -4*r - 1. Let n(p) = p. Let w(q) = -2*i(q) - 9*n(q). Let t be (-14 - (-336)/35) + (-9)/30*2. Determine w(t).
7
Let s(p) be the second derivative of p**5/20 + 2*p**4/3 + p**3/3 - 2*p**2 - 3*p. Suppose 4*r - 3*o - 8 = -26, 0 = -4*r + 2*o - 16. Determine s(r).
35
Suppose -k - 4*u + 49 = -24, -3*u = 5*k - 382. Let r(t) = 160 - k - 69 - t. Let i(z) = -5*z + 57. Let s(n) = 2*i(n) - 9*r(n). Calculate s(-5).
-7
Let n(m) = 6*m + 6. Suppose 0 = -131*o + 123*o. Determine n(o).
6
Let t(i) = -8*i + 29. Let c be t(7). Let m be -10*(c/6 + 4). Let n(s) = 3*s + 3 + m + 2*s**2 + s**3 - 4. What is n(-3)?
-14
Let x(g) = -g**3 + 51*g**2 - 20*g + 40. Let s(n) = -7*n**2 - n + 2. Let k(r) = 4*s(r) + x(r). Calculate k(22).
4
Let i(k) = -k**3 + k + 15. Let h be i(0). Let c be 207/h + (-5)/(-25). Let t(d) = -5 - 5*d + c*d - 10*d + 3. Give t(-5).
3
Let l = -48362 - -48365. Let u(o) be the first derivative of 15 - 1/2*o**2 - 13/3*o**l + 1/4*o**4 + 16*o. Calculate u(13).
3
Let s(l) = 17*l + 272. Let k(p) = 103*p + 1615. Let q(v) = 3*k(v) - 19*s(v). Determine q(-23).
-1
Suppose 6*t - 8*t + 5*t = -37*t. Let p(d) = -d**3 - d**2 + d - 6. Give p(t).
-6
Suppose -3*a = 2*a - 35. Let c(t) = t**3 - 8*t**2 - 140391*t + 70194*t + 70205*t - 6. What is c(a)?
1
Suppose 14 = 4*q - 2*k, -78*q + 28 = -73*q + k. Let w(c) be the second derivative of 0 - 1/4*c**4 + 1/20*c**q - 3/2*c**2 - 8*c - 1/2*c**3. Determine w(4).
1
Let f(b) = b**3 + 8*b**2 + 19*b + 8. Let y be f(-4). Let r(u) = u**3 + 3*u**2 - 8*u - 14. Give r(y).
2
Let b(f) = 2*f**2 - 63*f - 1096. Let w be b(44). Let x(r) = r**3 + r**2 + 3*r - 7. What is x(w)?
85
Let u(t) = 1 - 2*t - 2*t**3 - 3*t**2 + 2*t**3 + t**3. Let y = -14 - -74. Suppose -2*c - 18*c + y = 0. What is u(c)?
-5
Let c be 6 + (-4)/(-4) - -3. Suppose 0 = 5*w + 3*s - c, -5*w = -w + 3*s - 8. Let f(q) = 0*q - q + 8 + 2*q - w*q. Determine f(6).
2
Let m(x) = -4*x - 9. Let p = 657 + -557. Suppose 9*a - 55 + p = 0. What is m(a)?
11
Suppose 64*k - 44 = 86*k. Let x(a) = 32*a + 41. Determine x(k).
-23
Let l(j) = 111*j - 189. Let t(o) = -241*o + 378. Let x(u) = 11*l(u) + 5*t(u). Determine x(11).
-13
Let m(j) = -4*j - 12. Let o(p) be the first derivative of 3*p**2 - 46*p - 233. Let b be o(7). Determine m(b).
4
Let z(x) = -x**3 - 10*x**2 + 13*x + 48. Let n = -11669 - -11658. Calculate z(n).
26
Let m(u) = u**3 + 56*u**2 + 210*u + 104. Let t be m(-52). Let r(h) = -3*h - 6. Give r(t).
-6
Let x be ((-1)/2)/((-2)/4). Let n be